{"id":31,"date":"1999-11-30T00:00:00","date_gmt":"1999-11-29T21:00:00","guid":{"rendered":"http:\/\/www.ashrfmshrf.com\/wp\/?page_id=13"},"modified":"1999-11-30T00:00:00","modified_gmt":"1999-11-29T21:00:00","slug":"%d8%a7%d9%84%d9%85%d9%83%d8%aa%d8%a8-%d8%a7%d9%84%d8%a5%d8%b3%d8%aa%d8%b4%d8%a7%d8%b1%d9%8a-%d8%a7%d9%84%d8%b9%d8%b1%d8%a8%d9%8a-%d9%84%d9%84%d9%82%d8%a7%d9%86%d9%88%d9%86-%d9%88%d8%a7%d8%b9%d9%85","status":"publish","type":"page","link":"https:\/\/ashrfmshrf.info\/e\/%d8%a7%d9%84%d9%85%d9%83%d8%aa%d8%a8-%d8%a7%d9%84%d8%a5%d8%b3%d8%aa%d8%b4%d8%a7%d8%b1%d9%8a-%d8%a7%d9%84%d8%b9%d8%b1%d8%a8%d9%8a-%d9%84%d9%84%d9%82%d8%a7%d9%86%d9%88%d9%86-%d9%88%d8%a7%d8%b9%d9%85\/","title":{"rendered":"\u0627\u0644\u0645\u0643\u062a\u0628 \u0627\u0644\u0625\u0633\u062a\u0634\u0627\u0631\u064a \u0627\u0644\u0639\u0631\u0628\u064a \u0644\u0644\u0642\u0627\u0646\u0648\u0646 \u0648\u0627\u0639\u0645\u0627\u0644 \u0627\u0644\u0645\u062d\u0627\u0645\u0627\u0629 \u0627\u0634\u0631\u0641 \u0645\u0634\u0631\u0641 \u0627\u0644\u0645\u062d\u0627\u0645\u064a \u0645\u062d\u0627\u0645\u0648\u0646 \u0648\u0645\u0633\u062a\u0634\u0627\u0631\u0648\u0646"},"content":{"rendered":"<p style=\"text-align: center;\"><span style=\"font-size: 14pt; color: #95b3d7; font-family: Tahoma;\"><strong>\u0628\u0650\u0633\u0652\u0645\u0650 \u0627\u0644\u0644\u0651\u0647\u0650 \u0627\u0644\u0631\u0651\u064e\u062d\u0652\u0645\u0640\u064e\u0646\u0650 \u0627\u0644\u0631\u0651\u064e\u062d\u0650\u064a\u0645\u0650<\/strong><br \/>\n<\/span><\/p>\n<p style=\"text-align: center;\"><span style=\"font-size: 14pt; color: #244061; font-family: Tahoma;\">\u0625\u0650\u0646\u0651\u064e<br \/>\n<\/span><\/p>\n<p style=\"text-align: center;\"><span style=\"font-size: 14pt; color: #244061; font-family: Tahoma;\">\u0627\u0644\u0644\u0651\u0647\u064e \u064a\u064e\u0623\u0652\u0645\u064f\u0631\u064f\u0643\u064f\u0645\u0652 \u0623\u064e\u0646 \u062a\u064f\u0624\u062f\u0651\u064f\u0648\u0627\u0652 \u0627\u0644\u0623\u064e\u0645\u064e\u0627\u0646\u064e\u0627\u062a\u0650 \u0625\u0650\u0644\u064e\u0649 \u0623\u064e\u0647\u0652\u0644\u0650\u0647\u064e\u0627 \u0648\u064e\u0625\u0650\u0630\u064e\u0627 \u062d\u064e\u0643\u064e\u0645\u0652\u062a\u064f\u0645 \u0628\u064e\u064a\u0652\u0646\u064e<br \/>\n<\/span><\/p>\n<p style=\"text-align: center;\"><span style=\"font-size: 14pt; color: #244061; font-family: Tahoma;\">\u0627\u0644\u0646\u0651\u064e\u0627\u0633\u0650 \u0623\u064e\u0646 \u062a\u064e\u062d\u0652\u0643\u064f\u0645\u064f\u0648\u0627\u0652 \u0628\u0650\u0627\u0644\u0652\u0639\u064e\u062f\u0652\u0644\u0650 \u0625\u0650\u0646\u0651\u064e \u0627\u0644\u0644\u0651\u0647\u064e \u0646\u0650\u0639\u0650\u0645\u0651\u064e\u0627 \u064a\u064e\u0639\u0650\u0638\u064f\u0643\u064f\u0645 \u0628\u0650\u0647\u0650 \u0625\u0650\u0646\u0651\u064e \u0627\u0644\u0644\u0651\u0647\u064e \u0643\u064e\u0627\u0646\u064e \u0633\u064e\u0645\u0650\u064a\u0639\u064b\u0627<br \/>\n<\/span><\/p>\n<p style=\"text-align: center;\"><span style=\"font-size: 14pt; color: #244061; font-family: Tahoma;\">\u0628\u064e\u0635\u0650\u064a\u0631\u064b\u0627 {58} \u064a\u064e\u0627 \u0623\u064e\u064a\u0651\u064f\u0647\u064e\u0627 \u0627\u0644\u0651\u064e\u0630\u0650\u064a\u0646\u064e \u0622\u0645\u064e\u0646\u064f\u0648\u0627\u0652 \u0623\u064e\u0637\u0650\u064a\u0639\u064f\u0648\u0627\u0652 \u0627\u0644\u0644\u0651\u0647\u064e \u0648\u064e\u0623\u064e\u0637\u0650\u064a\u0639\u064f\u0648\u0627\u0652 \u0627\u0644\u0631\u0651\u064e\u0633\u064f\u0648\u0644\u064e \u0648\u064e\u0623\u064f\u0648\u0652\u0644\u0650\u064a<br \/>\n<\/span><\/p>\n<p style=\"text-align: center;\"><span style=\"font-size: 14pt; color: #244061; font-family: Tahoma;\">\u0627\u0644\u0623\u064e\u0645\u0652\u0631\u0650 \u0645\u0650\u0646\u0643\u064f\u0645\u0652 \u0641\u064e\u0625\u0650\u0646 \u062a\u064e\u0646\u064e\u0627\u0632\u064e\u0639\u0652\u062a\u064f\u0645\u0652 \u0641\u0650\u064a \u0634\u064e\u064a\u0652\u0621\u064d \u0641\u064e\u0631\u064f\u062f\u0651\u064f\u0648\u0647\u064f \u0625\u0650\u0644\u064e\u0649 \u0627\u0644\u0644\u0651\u0647\u0650 \u0648\u064e\u0627\u0644\u0631\u0651\u064e\u0633\u064f\u0648\u0644\u0650 \u0625\u0650\u0646 \u0643\u064f\u0646\u062a\u064f\u0645\u0652<br \/>\n<\/span><\/p>\n<p style=\"text-align: center;\"><span style=\"font-size: 14pt; color: #244061; font-family: Tahoma;\">\u062a\u064f\u0624\u0652\u0645\u0650\u0646\u064f\u0648\u0646\u064e \u0628\u0650\u0627\u0644\u0644\u0651\u0647\u0650 \u0648\u064e\u0627\u0644\u0652\u064a\u064e\u0648\u0652\u0645\u0650 \u0627\u0644\u0622\u062e\u0650\u0631\u0650 \u0630\u064e\u0644\u0650\u0643\u064e \u062e\u064e\u064a\u0652\u0631\u064c \u0648\u064e\u0623\u064e\u062d\u0652\u0633\u064e\u0646\u064f \u062a\u064e\u0623\u0652\u0648\u0650\u064a\u0644\u0627\u064b<br \/>\n<\/span><\/p>\n<p style=\"text-align: center;\"><span style=\"font-size: 14pt; color: #8db3e2; font-family: Tahoma;\"><strong>\u0635\u062f\u0642 \u0627\u0644\u0644\u0647 \u0627\u0644\u0639\u0638\u064a\u0645<br \/>\n<\/strong><\/span><\/p>\n<p style=\"text-align: center;\"><span style=\"font-size: 14pt; font-family: Tahoma;\"><span style=\"color: #666699; text-decoration: underline;\"><strong>\u00a0\u00a0 \u0627\u062a\u0635\u0644 \u0628\u0646\u0627 <\/strong><\/span><span style=\"color: black;\"><br \/>\n<\/span><\/span><\/p>\n<p style=\"text-align: center;\"><a href=\"mailto:ashrfmshrf@yahoo.com\"><span style=\"font-size: 14pt; color: blue; font-family: Tahoma; text-decoration: underline;\">ashrfmshrf@yahoo.com<\/span><\/a><span style=\"font-size: 14pt; color: black; font-family: Tahoma;\"><br \/>\n<\/span><\/p>\n<p style=\"text-align: center;\"><span style=\"font-size: 14pt; color: black; font-family: Tahoma;\"><strong>ashrfmshrf@gmail.com<\/strong><br \/>\n<\/span><\/p>\n<p style=\"text-align: center;\"><span style=\"font-size: 14pt; color: #244061; font-family: Tahoma;\"><strong>\u00a0 ashrf_mshrf@hotmail.com<\/strong><br \/>\n<\/span><\/p>\n<p style=\"text-align: center;\"><span style=\"font-size: 14pt; font-family: Tahoma;\"><span style=\"color: #ff9900;\">\u00a0 \u0644\u0644\u0623\u062a\u0635\u0627\u0644 \u0639\u0644\u0649 \u0627\u0644\u062c\u0648\u0627\u0644 \u0645\u0646 \u062e\u0627\u0631\u062c \u0645\u0635\u0631<\/span><span style=\"color: black;\"><br \/>\n<\/span><\/span><\/p>\n<p style=\"text-align: center;\"><span style=\"font-size: 14pt; color: #002060; font-family: Tahoma;\">\u00a0 00201224321055<br \/>\n<\/span><\/p>\n<p style=\"text-align: center;\"><span style=\"font-size: 14pt; color: #002060; font-family: Tahoma;\">00201004624392<br \/>\n<\/span><\/p>\n<p style=\"text-align: center;\"><strong>00201118850506<\/strong><\/p>\n<p style=\"text-align: center;\"><span style=\"font-size: 14pt; font-family: Tahoma;\"><span style=\"color: #ff9900;\">\u0645\u0646 \u0645\u0635\u0631<\/span><span style=\"color: black;\"><br \/>\n<\/span><\/span><\/p>\n<p style=\"text-align: center;\"><span style=\"font-size: 14pt; color: #002060; font-family: Tahoma;\">01224321055<br \/>\n<\/span><\/p>\n<p style=\"text-align: center;\"><span style=\"font-size: 14pt; color: #002060; font-family: Tahoma;\">01004624392<br \/>\n<\/span><\/p>\n<p style=\"text-align: center;\"><strong>01118850506<\/strong><\/p>\n<p style=\"text-align: center;\"><strong>\u0644\u0644\u0627\u062a\u0635\u0627\u0644 \u0639\u0644\u0649 \u0627\u0644\u0641\u0627\u064a\u0628\u0631<\/strong><\/p>\n<p style=\"text-align: center;\"><strong>00201224321055<\/strong><\/p>\n<p style=\"text-align: center;\"><strong>00201004624392<\/strong><\/p>\n<p style=\"text-align: center;\"><strong>00201118850506<\/strong><\/p>\n<p style=\"text-align: center;\"><strong>\u0644\u0644\u0627\u062a\u0635\u0627\u0644 \u0639\u0644\u0649 \u0627\u0644\u0648\u0627\u062a\u0633 \u0627\u0628<\/strong><\/p>\n<p style=\"text-align: center;\"><strong>00201224321055<\/strong><\/p>\n<p style=\"text-align: center;\"><strong>00201004624392<\/strong><\/p>\n<p style=\"text-align: center;\"><strong>00201118850506<\/strong><\/p>\n<p style=\"text-align: center;\"><span style=\"font-size: 14pt; color: red; font-family: Tahoma;\">\u064a\u062a\u062e\u0635\u0635 \u0645\u0643\u062a\u0628\u0646\u0627 \u0641\u064a \u0642\u0636\u0627\u064a\u0627 \u0645\u062e\u062a\u0644\u0641\u064a \u0627\u0644\u062c\u0646\u0633\u064a\u0629<br \/>\n<\/span><\/p>\n<p style=\"text-align: center;\"><span style=\"font-size: 14pt; color: red; font-family: Tahoma;\">\u0648\u062d\u0644 \u0627\u0644\u0645\u0634\u0627\u0643\u0644 \u0627\u0644\u0646\u0627\u062c\u0645\u0629 \u0639\u0646 \u0627\u0644\u0632\u0648\u0627\u062c \u0628\u064a\u0646 \u0627\u0644\u0623\u062c\u0627\u0646\u0628 \u0648\u0646\u0639\u062a\u0628\u0631 \u0645\u0646 \u0627\u0644\u0645\u0643\u0627\u062a\u0628 \u0627\u0644\u0645\u062a\u062e\u0635\u0635\u0629 \u0641\u064a \u0627\u0644\u0645\u0633\u0627\u0639\u062f\u0629 \u0639\u0644\u0649 \u062a\u0648\u062b\u064a\u0642 \u0632\u0648\u0627\u062c \u0627\u0644\u0623\u062c\u0627\u0646\u0628 \u0648\u062f\u0639\u0627\u0648\u0649 \u0627\u0644\u0623\u062d\u0648\u0627\u0644 \u0627\u0644\u0634\u062e\u0635\u064a\u0629 \u0628\u0645\u062e\u062a\u0644\u0641 \u0627\u0646\u0648\u0627\u0639\u0647\u0627 \u0645\u062b\u0644 \u0627\u0644\u0637\u0644\u0627\u0642 \u0644\u0644\u0636\u0631\u0631 \u0648\u0627\u0644\u062e\u0644\u0639 \u0648\u0627\u0646\u0643\u0627\u0631 \u0648\u0627\u062b\u0628\u0627\u062a \u0627\u0644\u0646\u0633\u0628 \u0648\u062d\u0636\u0627\u0646\u0629 \u0627\u0644\u0635\u063a\u064a\u0631 \u0648\u0631\u0624\u064a\u0629 \u0627\u0644\u0635\u063a\u064a\u0631 \u0648\u0646\u0641\u0642\u0629 \u0627\u0644\u0632\u0648\u062c\u064a\u0629 \u0648\u0646\u0641\u0642\u0629 \u0627\u0644\u0635\u063a\u064a\u0631<br \/>\n<\/span><\/p>\n<p><span style=\"font-size: 14pt; color: red; font-family: Tahoma;\">\u0647\u0630\u0627 \u0628\u0627\u0644\u0623\u0636\u0627\u0641\u0629 \u0644\u062f\u0639\u0627\u0648\u064a \u0627\u0644\u0642\u0627\u0646\u0648\u0646 \u0627\u0644\u0645\u062f\u0646\u064a \u0648\u0627\u0644\u0642\u0627\u0646\u0648\u0646 \u0627\u0644\u062a\u062c\u0627\u0631\u064a<\/span><\/p>\n<p>&nbsp;<\/p>\n<p>&nbsp;<\/p>\n<p class=\"MsoNormal\" dir=\"rtl\" style=\"margin: 0cm 0cm 0pt; direction: rtl; unicode-bidi: embed; text-align: left;\" align=\"left\"><span dir=\"ltr\" lang=\"FR\" style=\"font-size: 16pt;\"><span style=\"color: #000000;\"><span style=\"font-family: Times New Roman;\">Notre bureau est sp\u00e9cialis\u00e9 dans les affaires juridiques <\/span><\/span><\/span><\/p>\n<p><span dir=\"ltr\" lang=\"FR\" style=\"font-size: 16pt;\"><span style=\"color: #000000;\"><span style=\"font-family: Times New Roman;\"><span dir=\"ltr\" lang=\"FR\" style=\"font-size: 16pt;\">\u00a0<\/span><\/span><\/span><\/span><span dir=\"ltr\" lang=\"FR\" style=\"font-size: 16pt;\"><span style=\"color: #000000;\"><span style=\"font-family: Times New Roman;\"><span dir=\"ltr\" lang=\"FR\" style=\"font-size: 16pt;\">\u00a0\u00a0\u00a0\u00a0\u00a0\u00a0\u00a0\u00a0\u00a0\u00a0\u00a0\u00a0\u00a0\u00a0\u00a0 <\/span><span dir=\"ltr\" lang=\"FR\" style=\"font-size: 16pt;\">En r\u00e9soudrent \u00a0les probl\u00e8mes dus au mariage entres les \u00e9trangers \u00a0<\/span><span dir=\"ltr\" lang=\"FR\" style=\"font-size: 16pt;\">Mon bureau est parmi les bureau sp\u00e9cialis\u00e9 pour aid\u00e9e \u00e0 faire les contrat de mariage entre les \u00e9tranger de diff\u00e9rents nationalit\u00e9, contrat\u00a0 d\u2019adoption, des affaires civiles ,des affaire de divorce et des \u00a0affaires d\u2019allocations familiales <\/span><\/span><\/span><\/span><\/p>\n<p><span dir=\"ltr\" lang=\"FR\" style=\"font-size: 16pt;\">Ainsi que tout les affaires commerce et de civiles <\/span><\/p>\n","protected":false},"excerpt":{"rendered":"<p>\u0628\u0650\u0633\u0652\u0645\u0650 \u0627\u0644\u0644\u0651\u0647\u0650 \u0627\u0644\u0631\u0651\u064e\u062d\u0652\u0645\u0640\u064e\u0646\u0650 \u0627\u0644\u0631\u0651\u064e\u062d\u0650\u064a\u0645\u0650 \u0625\u0650\u0646\u0651\u064e \u0627\u0644\u0644\u0651\u0647\u064e \u064a\u064e\u0623\u0652\u0645\u064f\u0631\u064f\u0643\u064f\u0645\u0652 \u0623\u064e\u0646 \u062a\u064f\u0624\u062f\u0651\u064f\u0648\u0627\u0652 \u0627\u0644\u0623\u064e\u0645\u064e\u0627\u0646\u064e\u0627\u062a\u0650 \u0625\u0650\u0644\u064e\u0649 \u0623\u064e\u0647\u0652\u0644\u0650\u0647\u064e\u0627 \u0648\u064e\u0625\u0650\u0630\u064e\u0627 \u062d\u064e\u0643\u064e\u0645\u0652\u062a\u064f\u0645 \u0628\u064e\u064a\u0652\u0646\u064e \u0627\u0644\u0646\u0651\u064e\u0627\u0633\u0650 \u0623\u064e\u0646 \u062a\u064e\u062d\u0652\u0643\u064f\u0645\u064f\u0648\u0627\u0652 \u0628\u0650\u0627\u0644\u0652\u0639\u064e\u062f\u0652\u0644\u0650 \u0625\u0650\u0646\u0651\u064e \u0627\u0644\u0644\u0651\u0647\u064e \u0646\u0650\u0639\u0650\u0645\u0651\u064e\u0627 \u064a\u064e\u0639\u0650\u0638\u064f\u0643\u064f\u0645 \u0628\u0650\u0647\u0650 \u0625\u0650\u0646\u0651\u064e \u0627\u0644\u0644\u0651\u0647\u064e \u0643\u064e\u0627\u0646\u064e \u0633\u064e\u0645\u0650\u064a\u0639\u064b\u0627 \u0628\u064e\u0635\u0650\u064a\u0631\u064b\u0627 {58} \u064a\u064e\u0627 \u0623\u064e\u064a\u0651\u064f\u0647\u064e\u0627 \u0627\u0644\u0651\u064e\u0630\u0650\u064a\u0646\u064e \u0622\u0645\u064e\u0646\u064f\u0648\u0627\u0652 \u0623\u064e\u0637\u0650\u064a\u0639\u064f\u0648\u0627\u0652 \u0627\u0644\u0644\u0651\u0647\u064e \u0648\u064e\u0623\u064e\u0637\u0650\u064a\u0639\u064f\u0648\u0627\u0652 \u0627\u0644\u0631\u0651\u064e\u0633\u064f\u0648\u0644\u064e \u0648\u064e\u0623\u064f\u0648\u0652\u0644\u0650\u064a \u0627\u0644\u0623\u064e\u0645\u0652\u0631\u0650 \u0645\u0650\u0646\u0643\u064f\u0645\u0652 \u0641\u064e\u0625\u0650\u0646 \u062a\u064e\u0646\u064e\u0627\u0632\u064e\u0639\u0652\u062a\u064f\u0645\u0652 \u0641\u0650\u064a \u0634\u064e\u064a\u0652\u0621\u064d \u0641\u064e\u0631\u064f\u062f\u0651\u064f\u0648\u0647\u064f \u0625\u0650\u0644\u064e\u0649 \u0627\u0644\u0644\u0651\u0647\u0650 \u0648\u064e\u0627\u0644\u0631\u0651\u064e\u0633\u064f\u0648\u0644\u0650 \u0625\u0650\u0646 \u0643\u064f\u0646\u062a\u064f\u0645\u0652 \u062a\u064f\u0624\u0652\u0645\u0650\u0646\u064f\u0648\u0646\u064e \u0628\u0650\u0627\u0644\u0644\u0651\u0647\u0650 \u0648\u064e\u0627\u0644\u0652\u064a\u064e\u0648\u0652\u0645\u0650 \u0627\u0644\u0622\u062e\u0650\u0631\u0650 &hellip; <a href=\"https:\/\/ashrfmshrf.info\/e\/%d8%a7%d9%84%d9%85%d9%83%d8%aa%d8%a8-%d8%a7%d9%84%d8%a5%d8%b3%d8%aa%d8%b4%d8%a7%d8%b1%d9%8a-%d8%a7%d9%84%d8%b9%d8%b1%d8%a8%d9%8a-%d9%84%d9%84%d9%82%d8%a7%d9%86%d9%88%d9%86-%d9%88%d8%a7%d8%b9%d9%85\/\" class=\"more-link\">\u0645\u062a\u0627\u0628\u0639\u0629 \u0642\u0631\u0627\u0621\u0629<span class=\"screen-reader-text\"> &#8220;\u0627\u0644\u0645\u0643\u062a\u0628 \u0627\u0644\u0625\u0633\u062a\u0634\u0627\u0631\u064a \u0627\u0644\u0639\u0631\u0628\u064a \u0644\u0644\u0642\u0627\u0646\u0648\u0646 \u0648\u0627\u0639\u0645\u0627\u0644 \u0627\u0644\u0645\u062d\u0627\u0645\u0627\u0629 \u0627\u0634\u0631\u0641 \u0645\u0634\u0631\u0641 \u0627\u0644\u0645\u062d\u0627\u0645\u064a \u0645\u062d\u0627\u0645\u0648\u0646 \u0648\u0645\u0633\u062a\u0634\u0627\u0631\u0648\u0646&#8221;<\/span><\/a><\/p>\n","protected":false},"author":1,"featured_media":0,"parent":0,"menu_order":0,"comment_status":"open","ping_status":"open","template":"","meta":{"footnotes":""},"class_list":["post-31","page","type-page","status-publish","hentry"],"aioseo_notices":[],"jetpack_sharing_enabled":true,"_links":{"self":[{"href":"https:\/\/ashrfmshrf.info\/e\/wp-json\/wp\/v2\/pages\/31","targetHints":{"allow":["GET"]}}],"collection":[{"href":"https:\/\/ashrfmshrf.info\/e\/wp-json\/wp\/v2\/pages"}],"about":[{"href":"https:\/\/ashrfmshrf.info\/e\/wp-json\/wp\/v2\/types\/page"}],"author":[{"embeddable":true,"href":"https:\/\/ashrfmshrf.info\/e\/wp-json\/wp\/v2\/users\/1"}],"replies":[{"embeddable":true,"href":"https:\/\/ashrfmshrf.info\/e\/wp-json\/wp\/v2\/comments?post=31"}],"version-history":[{"count":0,"href":"https:\/\/ashrfmshrf.info\/e\/wp-json\/wp\/v2\/pages\/31\/revisions"}],"wp:attachment":[{"href":"https:\/\/ashrfmshrf.info\/e\/wp-json\/wp\/v2\/media?parent=31"}],"curies":[{"name":"wp","href":"https:\/\/api.w.org\/{rel}","templated":true}]}}